{"id":45,"date":"2017-11-06T19:51:39","date_gmt":"2017-11-06T19:51:39","guid":{"rendered":"http:\/\/www.altominho.tv\/site\/?page_id=45"},"modified":"2024-03-22T19:52:35","modified_gmt":"2024-03-22T19:52:35","slug":"ficha-tecnica","status":"publish","type":"page","link":"https:\/\/www.altominho.tv\/site\/ficha-tecnica\/","title":{"rendered":"Estatuto Editorial"},"content":{"rendered":"<p>&#8211; Altominho.tv \u00e9 um meio de comunica\u00e7\u00e3o que pretende colocar conte\u00fados v\u00eddeo ao dispor de todos, com o desejo de ir ao encontro dos interesses de cada um. Os conte\u00fados disponibilizados pelo canal altominho.tv pretendem contribuir para o f\u00e1cil acesso \u00e0 informa\u00e7\u00e3o sobre a regi\u00e3o, para o desenvolvimento sociocultural, para o refor\u00e7o da identidade regional e para a divulga\u00e7\u00e3o das potencialidades econ\u00f3micas e estruturais do Alto Minho. \u00c9 um meio de comunica\u00e7\u00e3o dispon\u00edvel em qualquer parte do mundo, nomeadamente para os emigrantes portugueses desta regi\u00e3o.<\/p>\n<p>&#8211; Altominho.tv \u00e9 uma publica\u00e7\u00e3o electr\u00f3nica di\u00e1ria acess\u00edvel em https:\/\/www.altominho.tv ou em https:\/\/www.altominhotv.com<\/p>\n<p>&#8211; Altominho.tv \u00e9 um \u00f3rg\u00e3o de divulga\u00e7\u00e3o e informa\u00e7\u00e3o independente, orientado por crit\u00e9rios de rigor e criatividade editorial, n\u00e3o sujeito a poderes pol\u00edticos, religiosos, econ\u00f3micos ou correntes de opini\u00e3o.<\/p>\n<p>&#8211; Altominho.tv respeita os direitos e deveres constitucionais da Rep\u00fablica Portuguesa, da Lei de Imprensa e do C\u00f3digo Deontol\u00f3gico dos Jornalistas.<\/p>\n<p>&#8211; Altominho.tv privilegia a interatividade dos espetadores pelos meios eletr\u00f3nicos que coloca ao seu dispor, tomando em considera\u00e7\u00e3o as sugest\u00f5es para a inova\u00e7\u00e3o e otimiza\u00e7\u00e3o deste \u00f3rg\u00e3o.<\/p>\n<p>&#8211; A Altominho.tv rege-se pelo rigor jornal\u00edstico cruzando e verificando a veracidade das informa\u00e7\u00f5es obtidas, ouvindo sempre todas as partes envolvidas.<\/p>\n<p>-A Altominho.tv desenvolve tamb\u00e9m reportagens com car\u00e1ter publicit\u00e1rio, s\u00e3o as denominadas &#8220;Publireportagens&#8221;, devidamente identificadas e categorizadas na sec\u00e7\u00e3o Publireportagem do <em>website<\/em>, assim como nas publica\u00e7\u00f5es nas redes sociais com a identifica\u00e7\u00e3o do <em>hashtag<\/em>\u00a0 #Publireportagem.<\/p>\n<p>&#8211; A Altominho.tv reconhece que o desenvolvimento das Novas Tecnologias e o acesso generalizado \u00e0s mais variadas fontes de informa\u00e7\u00e3o contribuem para o desenvolvimento do ser humano e para o aprofundamento da democracia, como tal, compromete-se a combater tabus, preconceitos e estere\u00f3tipos no escrupuloso respeito pela Carta Universal dos Direitos do Homem.<\/p>\n","protected":false},"excerpt":{"rendered":"<p>&#8211; Altominho.tv \u00e9 um meio de comunica\u00e7\u00e3o que pretende colocar conte\u00fados v\u00eddeo ao dispor de todos, com o desejo de ir ao encontro dos interesses de cada um. Os conte\u00fados disponibilizados pelo canal altominho.tv pretendem contribuir para o f\u00e1cil acesso \u00e0 informa\u00e7\u00e3o sobre a regi\u00e3o, para o desenvolvimento sociocultural, para o refor\u00e7o da identidade regional [&hellip;]<\/p>\n","protected":false},"author":1,"featured_media":0,"parent":0,"menu_order":0,"comment_status":"closed","ping_status":"closed","template":"","meta":{"_exactmetrics_skip_tracking":false,"_exactmetrics_sitenote_active":false,"_exactmetrics_sitenote_note":"","_exactmetrics_sitenote_category":0,"footnotes":""},"class_list":["post-45","page","type-page","status-publish","hentry"],"yoast_head":"<!-- This site is optimized with the Yoast SEO Premium plugin v27.5 (Yoast SEO v27.5) - https:\/\/yoast.com\/product\/yoast-seo-premium-wordpress\/ -->\n<title>Estatuto Editorial - Altominho.tv<\/title>\n<meta name=\"robots\" content=\"index, follow, max-snippet:-1, max-image-preview:large, max-video-preview:-1\" \/>\n<link rel=\"canonical\" href=\"https:\/\/www.altominho.tv\/site\/ficha-tecnica\/\" \/>\n<meta property=\"og:locale\" content=\"pt_PT\" \/>\n<meta property=\"og:type\" content=\"article\" \/>\n<meta property=\"og:title\" content=\"Estatuto Editorial\" \/>\n<meta property=\"og:description\" content=\"&#8211; Altominho.tv \u00e9 um meio de comunica\u00e7\u00e3o que pretende colocar conte\u00fados v\u00eddeo ao dispor de todos, com o desejo de ir ao encontro dos interesses de cada um. Os conte\u00fados disponibilizados pelo canal altominho.tv pretendem contribuir para o f\u00e1cil acesso \u00e0 informa\u00e7\u00e3o sobre a regi\u00e3o, para o desenvolvimento sociocultural, para o refor\u00e7o da identidade regional [&hellip;]\" \/>\n<meta property=\"og:url\" content=\"https:\/\/www.altominho.tv\/site\/ficha-tecnica\/\" \/>\n<meta property=\"og:site_name\" content=\"Altominho.tv\" \/>\n<meta property=\"article:publisher\" content=\"https:\/\/www.facebook.com\/altominhotv\" \/>\n<meta property=\"article:modified_time\" content=\"2024-03-22T19:52:35+00:00\" \/>\n<meta name=\"twitter:card\" content=\"summary_large_image\" \/>\n<meta name=\"twitter:site\" content=\"@altominhoTV\" \/>\n<meta name=\"twitter:label1\" content=\"Tempo estimado de leitura\" \/>\n\t<meta name=\"twitter:data1\" content=\"2 minutos\" \/>\n<script type=\"application\/ld+json\" class=\"yoast-schema-graph\">{\"@context\":\"https:\\\/\\\/schema.org\",\"@graph\":[{\"@type\":\"WebPage\",\"@id\":\"https:\\\/\\\/www.altominho.tv\\\/site\\\/ficha-tecnica\\\/\",\"url\":\"https:\\\/\\\/www.altominho.tv\\\/site\\\/ficha-tecnica\\\/\",\"name\":\"Estatuto Editorial - Altominho.tv\",\"isPartOf\":{\"@id\":\"https:\\\/\\\/www.altominho.tv\\\/site\\\/#website\"},\"datePublished\":\"2017-11-06T19:51:39+00:00\",\"dateModified\":\"2024-03-22T19:52:35+00:00\",\"breadcrumb\":{\"@id\":\"https:\\\/\\\/www.altominho.tv\\\/site\\\/ficha-tecnica\\\/#breadcrumb\"},\"inLanguage\":\"pt-PT\",\"potentialAction\":[{\"@type\":\"ReadAction\",\"target\":[\"https:\\\/\\\/www.altominho.tv\\\/site\\\/ficha-tecnica\\\/\"]}]},{\"@type\":\"BreadcrumbList\",\"@id\":\"https:\\\/\\\/www.altominho.tv\\\/site\\\/ficha-tecnica\\\/#breadcrumb\",\"itemListElement\":[{\"@type\":\"ListItem\",\"position\":1,\"name\":\"In\u00edcio\",\"item\":\"https:\\\/\\\/www.altominho.tv\\\/site\\\/\"},{\"@type\":\"ListItem\",\"position\":2,\"name\":\"Estatuto Editorial\"}]},{\"@type\":\"WebSite\",\"@id\":\"https:\\\/\\\/www.altominho.tv\\\/site\\\/#website\",\"url\":\"https:\\\/\\\/www.altominho.tv\\\/site\\\/\",\"name\":\"Altominho.tv\",\"description\":\"A sua regi\u00e3o \u00e0 dist\u00e2ncia de um clique...\",\"potentialAction\":[{\"@type\":\"SearchAction\",\"target\":{\"@type\":\"EntryPoint\",\"urlTemplate\":\"https:\\\/\\\/www.altominho.tv\\\/site\\\/?s={search_term_string}\"},\"query-input\":{\"@type\":\"PropertyValueSpecification\",\"valueRequired\":true,\"valueName\":\"search_term_string\"}}],\"inLanguage\":\"pt-PT\"}]}<\/script>\n<!-- \/ Yoast SEO Premium plugin. -->","yoast_head_json":{"title":"Estatuto Editorial - Altominho.tv","robots":{"index":"index","follow":"follow","max-snippet":"max-snippet:-1","max-image-preview":"max-image-preview:large","max-video-preview":"max-video-preview:-1"},"canonical":"https:\/\/www.altominho.tv\/site\/ficha-tecnica\/","og_locale":"pt_PT","og_type":"article","og_title":"Estatuto Editorial","og_description":"&#8211; Altominho.tv \u00e9 um meio de comunica\u00e7\u00e3o que pretende colocar conte\u00fados v\u00eddeo ao dispor de todos, com o desejo de ir ao encontro dos interesses de cada um. Os conte\u00fados disponibilizados pelo canal altominho.tv pretendem contribuir para o f\u00e1cil acesso \u00e0 informa\u00e7\u00e3o sobre a regi\u00e3o, para o desenvolvimento sociocultural, para o refor\u00e7o da identidade regional [&hellip;]","og_url":"https:\/\/www.altominho.tv\/site\/ficha-tecnica\/","og_site_name":"Altominho.tv","article_publisher":"https:\/\/www.facebook.com\/altominhotv","article_modified_time":"2024-03-22T19:52:35+00:00","twitter_card":"summary_large_image","twitter_site":"@altominhoTV","twitter_misc":{"Tempo estimado de leitura":"2 minutos"},"schema":{"@context":"https:\/\/schema.org","@graph":[{"@type":"WebPage","@id":"https:\/\/www.altominho.tv\/site\/ficha-tecnica\/","url":"https:\/\/www.altominho.tv\/site\/ficha-tecnica\/","name":"Estatuto Editorial - Altominho.tv","isPartOf":{"@id":"https:\/\/www.altominho.tv\/site\/#website"},"datePublished":"2017-11-06T19:51:39+00:00","dateModified":"2024-03-22T19:52:35+00:00","breadcrumb":{"@id":"https:\/\/www.altominho.tv\/site\/ficha-tecnica\/#breadcrumb"},"inLanguage":"pt-PT","potentialAction":[{"@type":"ReadAction","target":["https:\/\/www.altominho.tv\/site\/ficha-tecnica\/"]}]},{"@type":"BreadcrumbList","@id":"https:\/\/www.altominho.tv\/site\/ficha-tecnica\/#breadcrumb","itemListElement":[{"@type":"ListItem","position":1,"name":"In\u00edcio","item":"https:\/\/www.altominho.tv\/site\/"},{"@type":"ListItem","position":2,"name":"Estatuto Editorial"}]},{"@type":"WebSite","@id":"https:\/\/www.altominho.tv\/site\/#website","url":"https:\/\/www.altominho.tv\/site\/","name":"Altominho.tv","description":"A sua regi\u00e3o \u00e0 dist\u00e2ncia de um clique...","potentialAction":[{"@type":"SearchAction","target":{"@type":"EntryPoint","urlTemplate":"https:\/\/www.altominho.tv\/site\/?s={search_term_string}"},"query-input":{"@type":"PropertyValueSpecification","valueRequired":true,"valueName":"search_term_string"}}],"inLanguage":"pt-PT"}]}},"_links":{"self":[{"href":"https:\/\/www.altominho.tv\/site\/wp-json\/wp\/v2\/pages\/45","targetHints":{"allow":["GET"]}}],"collection":[{"href":"https:\/\/www.altominho.tv\/site\/wp-json\/wp\/v2\/pages"}],"about":[{"href":"https:\/\/www.altominho.tv\/site\/wp-json\/wp\/v2\/types\/page"}],"author":[{"embeddable":true,"href":"https:\/\/www.altominho.tv\/site\/wp-json\/wp\/v2\/users\/1"}],"replies":[{"embeddable":true,"href":"https:\/\/www.altominho.tv\/site\/wp-json\/wp\/v2\/comments?post=45"}],"version-history":[{"count":1,"href":"https:\/\/www.altominho.tv\/site\/wp-json\/wp\/v2\/pages\/45\/revisions"}],"predecessor-version":[{"id":105599,"href":"https:\/\/www.altominho.tv\/site\/wp-json\/wp\/v2\/pages\/45\/revisions\/105599"}],"wp:attachment":[{"href":"https:\/\/www.altominho.tv\/site\/wp-json\/wp\/v2\/media?parent=45"}],"curies":[{"name":"wp","href":"https:\/\/api.w.org\/{rel}","templated":true}]}}

<p>&#8211; Altominho.tv é um meio de comunicação que pretende colocar conteúdos vídeo ao dispor de todos, com o desejo de ir ao encontro dos interesses de cada um. Os conteúdos disponibilizados pelo canal altominho.tv pretendem contribuir para o fácil acesso à informação sobre a região, para o desenvolvimento sociocultural, para o reforço da identidade regional e para a divulgação das potencialidades económicas e estruturais do Alto Minho. É um meio de comunicação disponível em qualquer parte do mundo, nomeadamente para os emigrantes portugueses desta região.</p>
<p>&#8211; Altominho.tv é uma publicação electrónica diária acessível em https://www.altominho.tv ou em https://www.altominhotv.com</p>
<p>&#8211; Altominho.tv é um órgão de divulgação e informação independente, orientado por critérios de rigor e criatividade editorial, não sujeito a poderes políticos, religiosos, económicos ou correntes de opinião.</p>
<p>&#8211; Altominho.tv respeita os direitos e deveres constitucionais da República Portuguesa, da Lei de Imprensa e do Código Deontológico dos Jornalistas.</p>
<p>&#8211; Altominho.tv privilegia a interatividade dos espetadores pelos meios eletrónicos que coloca ao seu dispor, tomando em consideração as sugestões para a inovação e otimização deste órgão.</p>
<p>&#8211; A Altominho.tv rege-se pelo rigor jornalístico cruzando e verificando a veracidade das informações obtidas, ouvindo sempre todas as partes envolvidas.</p>
<p>-A Altominho.tv desenvolve também reportagens com caráter publicitário, são as denominadas &#8220;Publireportagens&#8221;, devidamente identificadas e categorizadas na secção Publireportagem do <em>website</em>, assim como nas publicações nas redes sociais com a identificação do <em>hashtag</em>  #Publireportagem.</p>
<p>&#8211; A Altominho.tv reconhece que o desenvolvimento das Novas Tecnologias e o acesso generalizado às mais variadas fontes de informação contribuem para o desenvolvimento do ser humano e para o aprofundamento da democracia, como tal, compromete-se a combater tabus, preconceitos e estereótipos no escrupuloso respeito pela Carta Universal dos Direitos do Homem.</p>

<p>&#8211; Altominho.tv é um meio de comunicação que pretende colocar conteúdos vídeo ao dispor de todos, com o desejo de ir ao encontro dos interesses de cada um. Os conteúdos disponibilizados pelo canal altominho.tv pretendem contribuir para o fácil acesso à informação sobre a região, para o desenvolvimento sociocultural, para o reforço da identidade regional [&hellip;]</p>

<!-- This site is optimized with the Yoast SEO Premium plugin v27.5 (Yoast SEO v27.5) - https://yoast.com/product/yoast-seo-premium-wordpress/ -->
<title>Estatuto Editorial - Altominho.tv</title>
<meta name="robots" content="index, follow, max-snippet:-1, max-image-preview:large, max-video-preview:-1" />
<link rel="canonical" href="https://www.altominho.tv/site/ficha-tecnica/" />
<meta property="og:locale" content="pt_PT" />
<meta property="og:type" content="article" />
<meta property="og:title" content="Estatuto Editorial" />
<meta property="og:description" content="&#8211; Altominho.tv é um meio de comunicação que pretende colocar conteúdos vídeo ao dispor de todos, com o desejo de ir ao encontro dos interesses de cada um. Os conteúdos disponibilizados pelo canal altominho.tv pretendem contribuir para o fácil acesso à informação sobre a região, para o desenvolvimento sociocultural, para o reforço da identidade regional [&hellip;]" />
<meta property="og:url" content="https://www.altominho.tv/site/ficha-tecnica/" />
<meta property="og:site_name" content="Altominho.tv" />
<meta property="article:publisher" content="https://www.facebook.com/altominhotv" />
<meta property="article:modified_time" content="2024-03-22T19:52:35+00:00" />
<meta name="twitter:card" content="summary_large_image" />
<meta name="twitter:site" content="@altominhoTV" />
<meta name="twitter:label1" content="Tempo estimado de leitura" />
	<meta name="twitter:data1" content="2 minutos" />
<script type="application/ld+json" class="yoast-schema-graph">{"@context":"https:\/\/schema.org","@graph":[{"@type":"WebPage","@id":"https:\/\/www.altominho.tv\/site\/ficha-tecnica\/","url":"https:\/\/www.altominho.tv\/site\/ficha-tecnica\/","name":"Estatuto Editorial - Altominho.tv","isPartOf":{"@id":"https:\/\/www.altominho.tv\/site\/#website"},"datePublished":"2017-11-06T19:51:39+00:00","dateModified":"2024-03-22T19:52:35+00:00","breadcrumb":{"@id":"https:\/\/www.altominho.tv\/site\/ficha-tecnica\/#breadcrumb"},"inLanguage":"pt-PT","potentialAction":[{"@type":"ReadAction","target":["https:\/\/www.altominho.tv\/site\/ficha-tecnica\/"]}]},{"@type":"BreadcrumbList","@id":"https:\/\/www.altominho.tv\/site\/ficha-tecnica\/#breadcrumb","itemListElement":[{"@type":"ListItem","position":1,"name":"Início","item":"https:\/\/www.altominho.tv\/site\/"},{"@type":"ListItem","position":2,"name":"Estatuto Editorial"}]},{"@type":"WebSite","@id":"https:\/\/www.altominho.tv\/site\/#website","url":"https:\/\/www.altominho.tv\/site\/","name":"Altominho.tv","description":"A sua região à distância de um clique...","potentialAction":[{"@type":"SearchAction","target":{"@type":"EntryPoint","urlTemplate":"https:\/\/www.altominho.tv\/site\/?s={search_term_string}"},"query-input":{"@type":"PropertyValueSpecification","valueRequired":true,"valueName":"search_term_string"}}],"inLanguage":"pt-PT"}]}</script>
<!-- / Yoast SEO Premium plugin. -->

&#8211; Altominho.tv é um meio de comunicação que pretende colocar conteúdos vídeo ao dispor de todos, com o desejo de ir ao encontro dos interesses de cada um. Os conteúdos disponibilizados pelo canal altominho.tv pretendem contribuir para o fácil acesso à informação sobre a região, para o desenvolvimento sociocultural, para o reforço da identidade regional [&hellip;]

Início

A sua região à distância de um clique...
