{"version":"1.0","provider_name":"Altominho.tv","provider_url":"https:\/\/www.altominho.tv\/site","author_name":"Andreia Cunha | Lusa","author_url":"https:\/\/www.altominho.tv\/site\/author\/andreiacunhalusa\/","title":"PJ det\u00e9m em Arcos de Valdevez suspeito de pornografia de menores","type":"rich","width":600,"height":338,"html":"<blockquote class=\"wp-embedded-content\" data-secret=\"HIAsZXgK40\"><a href=\"https:\/\/www.altominho.tv\/site\/2022\/03\/09\/detencao-policia-judiciaria\/\">PJ det\u00e9m em Arcos de Valdevez suspeito de pornografia de menores<\/a><\/blockquote><iframe sandbox=\"allow-scripts\" security=\"restricted\" src=\"https:\/\/www.altominho.tv\/site\/2022\/03\/09\/detencao-policia-judiciaria\/embed\/#?secret=HIAsZXgK40\" width=\"600\" height=\"338\" title=\"&#8220;PJ det\u00e9m em Arcos de Valdevez suspeito de pornografia de menores&#8221; &#8212; Altominho.tv\" data-secret=\"HIAsZXgK40\" frameborder=\"0\" marginwidth=\"0\" marginheight=\"0\" scrolling=\"no\" class=\"wp-embedded-content\"><\/iframe><script type=\"text\/javascript\">\n\/* <![CDATA[ *\/\n\/*! This file is auto-generated *\/\n!function(d,l){\"use strict\";l.querySelector&&d.addEventListener&&\"undefined\"!=typeof URL&&(d.wp=d.wp||{},d.wp.receiveEmbedMessage||(d.wp.receiveEmbedMessage=function(e){var t=e.data;if((t||t.secret||t.message||t.value)&&!\/[^a-zA-Z0-9]\/.test(t.secret)){for(var s,r,n,a=l.querySelectorAll('iframe[data-secret=\"'+t.secret+'\"]'),o=l.querySelectorAll('blockquote[data-secret=\"'+t.secret+'\"]'),c=new RegExp(\"^https?:$\",\"i\"),i=0;i<o.length;i++)o[i].style.display=\"none\";for(i=0;i<a.length;i++)s=a[i],e.source===s.contentWindow&&(s.removeAttribute(\"style\"),\"height\"===t.message?(1e3<(r=parseInt(t.value,10))?r=1e3:~~r<200&&(r=200),s.height=r):\"link\"===t.message&&(r=new URL(s.getAttribute(\"src\")),n=new URL(t.value),c.test(n.protocol))&&n.host===r.host&&l.activeElement===s&&(d.top.location.href=t.value))}},d.addEventListener(\"message\",d.wp.receiveEmbedMessage,!1),l.addEventListener(\"DOMContentLoaded\",function(){for(var e,t,s=l.querySelectorAll(\"iframe.wp-embedded-content\"),r=0;r<s.length;r++)(t=(e=s[r]).getAttribute(\"data-secret\"))||(t=Math.random().toString(36).substring(2,12),e.src+=\"#?secret=\"+t,e.setAttribute(\"data-secret\",t)),e.contentWindow.postMessage({message:\"ready\",secret:t},\"*\")},!1)))}(window,document);\n\/\/# sourceURL=https:\/\/www.altominho.tv\/site\/wp-includes\/js\/wp-embed.min.js\n\/* ]]> *\/\n<\/script>\n","thumbnail_url":"https:\/\/www.altominho.tv\/site\/wp-content\/uploads\/2022\/03\/policia-judiciaria-.jpeg","thumbnail_width":800,"thumbnail_height":444,"description":"A Pol\u00edcia Judici\u00e1ria (PJ) deteve em Arcos de Valdevez, no distrito de Viana do Castelo, um homem de 23 anos suspeito de crimes de pornografia de menores, por via inform\u00e1tica, ap\u00f3s comunica\u00e7\u00e3o de uma organiza\u00e7\u00e3o internacional, foi hoje divulgado."}

PJ detém em Arcos de Valdevez suspeito de pornografia de menores

<blockquote class="wp-embedded-content" data-secret="HIAsZXgK40"><a href="https://www.altominho.tv/site/2022/03/09/detencao-policia-judiciaria/">PJ detém em Arcos de Valdevez suspeito de pornografia de menores</a></blockquote><iframe sandbox="allow-scripts" security="restricted" src="https://www.altominho.tv/site/2022/03/09/detencao-policia-judiciaria/embed/#?secret=HIAsZXgK40" width="600" height="338" title="&#8220;PJ detém em Arcos de Valdevez suspeito de pornografia de menores&#8221; &#8212; Altominho.tv" data-secret="HIAsZXgK40" frameborder="0" marginwidth="0" marginheight="0" scrolling="no" class="wp-embedded-content"></iframe><script type="text/javascript">
/* <![CDATA[ */
/*! This file is auto-generated */
!function(d,l){"use strict";l.querySelector&&d.addEventListener&&"undefined"!=typeof URL&&(d.wp=d.wp||{},d.wp.receiveEmbedMessage||(d.wp.receiveEmbedMessage=function(e){var t=e.data;if((t||t.secret||t.message||t.value)&&!/[^a-zA-Z0-9]/.test(t.secret)){for(var s,r,n,a=l.querySelectorAll('iframe[data-secret="'+t.secret+'"]'),o=l.querySelectorAll('blockquote[data-secret="'+t.secret+'"]'),c=new RegExp("^https?:$","i"),i=0;i<o.length;i++)o[i].style.display="none";for(i=0;i<a.length;i++)s=a[i],e.source===s.contentWindow&&(s.removeAttribute("style"),"height"===t.message?(1e3<(r=parseInt(t.value,10))?r=1e3:~~r<200&&(r=200),s.height=r):"link"===t.message&&(r=new URL(s.getAttribute("src")),n=new URL(t.value),c.test(n.protocol))&&n.host===r.host&&l.activeElement===s&&(d.top.location.href=t.value))}},d.addEventListener("message",d.wp.receiveEmbedMessage,!1),l.addEventListener("DOMContentLoaded",function(){for(var e,t,s=l.querySelectorAll("iframe.wp-embedded-content"),r=0;r<s.length;r++)(t=(e=s[r]).getAttribute("data-secret"))||(t=Math.random().toString(36).substring(2,12),e.src+="#?secret="+t,e.setAttribute("data-secret",t)),e.contentWindow.postMessage({message:"ready",secret:t},"*")},!1)))}(window,document);
//# sourceURL=https://www.altominho.tv/site/wp-includes/js/wp-embed.min.js
/* ]]> */
</script>

A Polícia Judiciária (PJ) deteve em Arcos de Valdevez, no distrito de Viana do Castelo, um homem de 23 anos suspeito de crimes de pornografia de menores, por via informática, após comunicação de uma organização internacional, foi hoje divulgado.
