{"version":"1.0","provider_name":"Altominho.tv","provider_url":"https:\/\/www.altominho.tv\/site","author_name":"Altominho.tv","author_url":"https:\/\/www.altominho.tv\/site\/author\/altominhotv-tecnico\/","title":"Faleceu o pai de Quim Barreiros","type":"rich","width":600,"height":338,"html":"<blockquote class=\"wp-embedded-content\" data-secret=\"GucmGnh5pp\"><a href=\"https:\/\/www.altominho.tv\/site\/2021\/04\/07\/faleceu-o-pai-de-quim-barreiros\/\">Faleceu o pai de Quim Barreiros<\/a><\/blockquote><iframe sandbox=\"allow-scripts\" security=\"restricted\" src=\"https:\/\/www.altominho.tv\/site\/2021\/04\/07\/faleceu-o-pai-de-quim-barreiros\/embed\/#?secret=GucmGnh5pp\" width=\"600\" height=\"338\" title=\"&#8220;Faleceu o pai de Quim Barreiros&#8221; &#8212; Altominho.tv\" data-secret=\"GucmGnh5pp\" frameborder=\"0\" marginwidth=\"0\" marginheight=\"0\" scrolling=\"no\" class=\"wp-embedded-content\"><\/iframe><script type=\"text\/javascript\">\n\/* <![CDATA[ *\/\n\/*! This file is auto-generated *\/\n!function(d,l){\"use strict\";l.querySelector&&d.addEventListener&&\"undefined\"!=typeof URL&&(d.wp=d.wp||{},d.wp.receiveEmbedMessage||(d.wp.receiveEmbedMessage=function(e){var t=e.data;if((t||t.secret||t.message||t.value)&&!\/[^a-zA-Z0-9]\/.test(t.secret)){for(var s,r,n,a=l.querySelectorAll('iframe[data-secret=\"'+t.secret+'\"]'),o=l.querySelectorAll('blockquote[data-secret=\"'+t.secret+'\"]'),c=new RegExp(\"^https?:$\",\"i\"),i=0;i<o.length;i++)o[i].style.display=\"none\";for(i=0;i<a.length;i++)s=a[i],e.source===s.contentWindow&&(s.removeAttribute(\"style\"),\"height\"===t.message?(1e3<(r=parseInt(t.value,10))?r=1e3:~~r<200&&(r=200),s.height=r):\"link\"===t.message&&(r=new URL(s.getAttribute(\"src\")),n=new URL(t.value),c.test(n.protocol))&&n.host===r.host&&l.activeElement===s&&(d.top.location.href=t.value))}},d.addEventListener(\"message\",d.wp.receiveEmbedMessage,!1),l.addEventListener(\"DOMContentLoaded\",function(){for(var e,t,s=l.querySelectorAll(\"iframe.wp-embedded-content\"),r=0;r<s.length;r++)(t=(e=s[r]).getAttribute(\"data-secret\"))||(t=Math.random().toString(36).substring(2,12),e.src+=\"#?secret=\"+t,e.setAttribute(\"data-secret\",t)),e.contentWindow.postMessage({message:\"ready\",secret:t},\"*\")},!1)))}(window,document);\n\/\/# sourceURL=https:\/\/www.altominho.tv\/site\/wp-includes\/js\/wp-embed.min.js\n\/* ]]> *\/\n<\/script>\n","thumbnail_url":"https:\/\/www.altominho.tv\/site\/wp-content\/uploads\/2021\/04\/paiquim-04-07-a\u0300s-13.42.56.jpg","thumbnail_width":1500,"thumbnail_height":900,"description":"Esta quarta-feira, dia 7 de abril, faleceu o Pai do Quim Barreiros. A not\u00edcia foi avan\u00e7ada esta quarta-feira, dia 7 de abril, no final do programa \u2018Casa Feliz\u2019, da SIC, pelos apresentadores Diana Chaves e Jo\u00e3o Bai\u00e3o. \u201cTemos de dar uma not\u00edcia triste que acab\u00e1mos de saber h\u00e1 minutos. O senhor Joaquim, aquele homem t\u00e3o [&hellip;]"}

Esta quarta-feira, dia 7 de abril, faleceu o Pai do Quim Barreiros. A notícia foi avançada esta quarta-feira, dia 7 de abril, no final do programa ‘Casa Feliz’, da SIC, pelos apresentadores Diana Chaves e João Baião. “Temos de dar uma notícia triste que acabámos de saber há minutos. O senhor Joaquim, aquele homem tão [&hellip;]
