{"version":"1.0","provider_name":"Altominho.tv","provider_url":"https:\/\/www.altominho.tv\/site","author_name":"Andreia Cunha","author_url":"https:\/\/www.altominho.tv\/site\/author\/andreiacunha\/","title":"Bom tempo espreita durante toda a semana","type":"rich","width":600,"height":338,"html":"<blockquote class=\"wp-embedded-content\" data-secret=\"JA6wBS60yr\"><a href=\"https:\/\/www.altominho.tv\/site\/2021\/03\/14\/bom-tempo-espreita-durante-toda-a-semana\/\">Bom tempo espreita durante toda a semana<\/a><\/blockquote><iframe sandbox=\"allow-scripts\" security=\"restricted\" src=\"https:\/\/www.altominho.tv\/site\/2021\/03\/14\/bom-tempo-espreita-durante-toda-a-semana\/embed\/#?secret=JA6wBS60yr\" width=\"600\" height=\"338\" title=\"&#8220;Bom tempo espreita durante toda a semana&#8221; &#8212; Altominho.tv\" data-secret=\"JA6wBS60yr\" frameborder=\"0\" marginwidth=\"0\" marginheight=\"0\" scrolling=\"no\" class=\"wp-embedded-content\"><\/iframe><script type=\"text\/javascript\">\n\/* <![CDATA[ *\/\n\/*! This file is auto-generated *\/\n!function(d,l){\"use strict\";l.querySelector&&d.addEventListener&&\"undefined\"!=typeof URL&&(d.wp=d.wp||{},d.wp.receiveEmbedMessage||(d.wp.receiveEmbedMessage=function(e){var t=e.data;if((t||t.secret||t.message||t.value)&&!\/[^a-zA-Z0-9]\/.test(t.secret)){for(var s,r,n,a=l.querySelectorAll('iframe[data-secret=\"'+t.secret+'\"]'),o=l.querySelectorAll('blockquote[data-secret=\"'+t.secret+'\"]'),c=new RegExp(\"^https?:$\",\"i\"),i=0;i<o.length;i++)o[i].style.display=\"none\";for(i=0;i<a.length;i++)s=a[i],e.source===s.contentWindow&&(s.removeAttribute(\"style\"),\"height\"===t.message?(1e3<(r=parseInt(t.value,10))?r=1e3:~~r<200&&(r=200),s.height=r):\"link\"===t.message&&(r=new URL(s.getAttribute(\"src\")),n=new URL(t.value),c.test(n.protocol))&&n.host===r.host&&l.activeElement===s&&(d.top.location.href=t.value))}},d.addEventListener(\"message\",d.wp.receiveEmbedMessage,!1),l.addEventListener(\"DOMContentLoaded\",function(){for(var e,t,s=l.querySelectorAll(\"iframe.wp-embedded-content\"),r=0;r<s.length;r++)(t=(e=s[r]).getAttribute(\"data-secret\"))||(t=Math.random().toString(36).substring(2,12),e.src+=\"#?secret=\"+t,e.setAttribute(\"data-secret\",t)),e.contentWindow.postMessage({message:\"ready\",secret:t},\"*\")},!1)))}(window,document);\n\/\/# sourceURL=https:\/\/www.altominho.tv\/site\/wp-includes\/js\/wp-embed.min.js\n\/* ]]> *\/\n<\/script>\n","thumbnail_url":"https:\/\/www.altominho.tv\/site\/wp-content\/uploads\/2021\/03\/tempo-quente.jpg","thumbnail_width":672,"thumbnail_height":448,"description":"O bom tempo vai espreitar durante toda a semana. O sol est\u00e1 de regresso e as temperaturas m\u00e1ximas poder\u00e3o chegar aos 21\u00baC no Alto Minho. J\u00e1 as m\u00ednimas registam uma ligeira descida, situando-se nos 3\u00baC. De acordo com o IPMA &#8211; Instituto Portugu\u00eas do Mar e da Atmosfera, o sol vai aparecer em todo o [&hellip;]"}

O bom tempo vai espreitar durante toda a semana. O sol está de regresso e as temperaturas máximas poderão chegar aos 21ºC no Alto Minho. Já as mínimas registam uma ligeira descida, situando-se nos 3ºC. De acordo com o IPMA &#8211; Instituto Português do Mar e da Atmosfera, o sol vai aparecer em todo o [&hellip;]
