{"version":"1.0","provider_name":"Altominho.tv","provider_url":"https:\/\/www.altominho.tv\/site","author_name":"Altominho.tv","author_url":"https:\/\/www.altominho.tv\/site\/author\/altominhotv-tecnico\/","title":"Mon\u00e7\u00e3o sobe para 216 casos ativos","type":"rich","width":600,"height":338,"html":"<blockquote class=\"wp-embedded-content\" data-secret=\"PPdFYc4LDn\"><a href=\"https:\/\/www.altominho.tv\/site\/2021\/01\/24\/moncao-sobe-para-216-casos-ativos\/\">Mon\u00e7\u00e3o sobe para 216 casos ativos<\/a><\/blockquote><iframe sandbox=\"allow-scripts\" security=\"restricted\" src=\"https:\/\/www.altominho.tv\/site\/2021\/01\/24\/moncao-sobe-para-216-casos-ativos\/embed\/#?secret=PPdFYc4LDn\" width=\"600\" height=\"338\" title=\"&#8220;Mon\u00e7\u00e3o sobe para 216 casos ativos&#8221; &#8212; Altominho.tv\" data-secret=\"PPdFYc4LDn\" frameborder=\"0\" marginwidth=\"0\" marginheight=\"0\" scrolling=\"no\" class=\"wp-embedded-content\"><\/iframe><script>\n\/*! This file is auto-generated *\/\n!function(d,l){\"use strict\";l.querySelector&&d.addEventListener&&\"undefined\"!=typeof URL&&(d.wp=d.wp||{},d.wp.receiveEmbedMessage||(d.wp.receiveEmbedMessage=function(e){var t=e.data;if((t||t.secret||t.message||t.value)&&!\/[^a-zA-Z0-9]\/.test(t.secret)){for(var s,r,n,a=l.querySelectorAll('iframe[data-secret=\"'+t.secret+'\"]'),o=l.querySelectorAll('blockquote[data-secret=\"'+t.secret+'\"]'),c=new RegExp(\"^https?:$\",\"i\"),i=0;i<o.length;i++)o[i].style.display=\"none\";for(i=0;i<a.length;i++)s=a[i],e.source===s.contentWindow&&(s.removeAttribute(\"style\"),\"height\"===t.message?(1e3<(r=parseInt(t.value,10))?r=1e3:~~r<200&&(r=200),s.height=r):\"link\"===t.message&&(r=new URL(s.getAttribute(\"src\")),n=new URL(t.value),c.test(n.protocol))&&n.host===r.host&&l.activeElement===s&&(d.top.location.href=t.value))}},d.addEventListener(\"message\",d.wp.receiveEmbedMessage,!1),l.addEventListener(\"DOMContentLoaded\",function(){for(var e,t,s=l.querySelectorAll(\"iframe.wp-embedded-content\"),r=0;r<s.length;r++)(t=(e=s[r]).getAttribute(\"data-secret\"))||(t=Math.random().toString(36).substring(2,12),e.src+=\"#?secret=\"+t,e.setAttribute(\"data-secret\",t)),e.contentWindow.postMessage({message:\"ready\",secret:t},\"*\")},!1)))}(window,document);\n\/\/# sourceURL=https:\/\/www.altominho.tv\/site\/wp-includes\/js\/wp-embed.min.js\n<\/script>\n","thumbnail_url":"https:\/\/www.altominho.tv\/site\/wp-content\/uploads\/2020\/12\/moncao-vila-1.jpg","thumbnail_width":2022,"thumbnail_height":900,"description":"O concelho de Mon\u00e7\u00e3o registou mais 68 casos de Covid-19. Recuperaram mais 3 pessoas. Segundo os dados deste domingo da Unidade Local de Sa\u00fade do Alto Minho (ULSAM), os casos ativos s\u00e3o agora 216. No total, Mon\u00e7\u00e3o contabiliza 761 casos de infe\u00e7\u00e3o pelo novo coronav\u00edrus, 520 recuperados e\u00a025 \u00f3bitos desde o in\u00edcio da pandemia."}

Monção sobe para 216 casos ativos

<blockquote class="wp-embedded-content" data-secret="PPdFYc4LDn"><a href="https://www.altominho.tv/site/2021/01/24/moncao-sobe-para-216-casos-ativos/">Monção sobe para 216 casos ativos</a></blockquote><iframe sandbox="allow-scripts" security="restricted" src="https://www.altominho.tv/site/2021/01/24/moncao-sobe-para-216-casos-ativos/embed/#?secret=PPdFYc4LDn" width="600" height="338" title="&#8220;Monção sobe para 216 casos ativos&#8221; &#8212; Altominho.tv" data-secret="PPdFYc4LDn" frameborder="0" marginwidth="0" marginheight="0" scrolling="no" class="wp-embedded-content"></iframe><script>
/*! This file is auto-generated */
!function(d,l){"use strict";l.querySelector&&d.addEventListener&&"undefined"!=typeof URL&&(d.wp=d.wp||{},d.wp.receiveEmbedMessage||(d.wp.receiveEmbedMessage=function(e){var t=e.data;if((t||t.secret||t.message||t.value)&&!/[^a-zA-Z0-9]/.test(t.secret)){for(var s,r,n,a=l.querySelectorAll('iframe[data-secret="'+t.secret+'"]'),o=l.querySelectorAll('blockquote[data-secret="'+t.secret+'"]'),c=new RegExp("^https?:$","i"),i=0;i<o.length;i++)o[i].style.display="none";for(i=0;i<a.length;i++)s=a[i],e.source===s.contentWindow&&(s.removeAttribute("style"),"height"===t.message?(1e3<(r=parseInt(t.value,10))?r=1e3:~~r<200&&(r=200),s.height=r):"link"===t.message&&(r=new URL(s.getAttribute("src")),n=new URL(t.value),c.test(n.protocol))&&n.host===r.host&&l.activeElement===s&&(d.top.location.href=t.value))}},d.addEventListener("message",d.wp.receiveEmbedMessage,!1),l.addEventListener("DOMContentLoaded",function(){for(var e,t,s=l.querySelectorAll("iframe.wp-embedded-content"),r=0;r<s.length;r++)(t=(e=s[r]).getAttribute("data-secret"))||(t=Math.random().toString(36).substring(2,12),e.src+="#?secret="+t,e.setAttribute("data-secret",t)),e.contentWindow.postMessage({message:"ready",secret:t},"*")},!1)))}(window,document);
//# sourceURL=https://www.altominho.tv/site/wp-includes/js/wp-embed.min.js
</script>

O concelho de Monção registou mais 68 casos de Covid-19. Recuperaram mais 3 pessoas. Segundo os dados deste domingo da Unidade Local de Saúde do Alto Minho (ULSAM), os casos ativos são agora 216. No total, Monção contabiliza 761 casos de infeção pelo novo coronavírus, 520 recuperados e 25 óbitos desde o início da pandemia.
