{"version":"1.0","provider_name":"Altominho.tv","provider_url":"https:\/\/www.altominho.tv\/site","author_name":"Andreia Ferreira","author_url":"https:\/\/www.altominho.tv\/site\/author\/andreiaferreira\/","title":"Neve chegou a Arcos de Valdevez","type":"rich","width":600,"height":338,"html":"<blockquote class=\"wp-embedded-content\" data-secret=\"9uIKyJytvt\"><a href=\"https:\/\/www.altominho.tv\/site\/2020\/12\/04\/neve-chegou-a-arcos-de-valdevez\/\">Neve chegou a Arcos de Valdevez<\/a><\/blockquote><iframe sandbox=\"allow-scripts\" security=\"restricted\" src=\"https:\/\/www.altominho.tv\/site\/2020\/12\/04\/neve-chegou-a-arcos-de-valdevez\/embed\/#?secret=9uIKyJytvt\" width=\"600\" height=\"338\" title=\"&#8220;Neve chegou a Arcos de Valdevez&#8221; &#8212; Altominho.tv\" data-secret=\"9uIKyJytvt\" frameborder=\"0\" marginwidth=\"0\" marginheight=\"0\" scrolling=\"no\" class=\"wp-embedded-content\"><\/iframe><script>\n\/*! This file is auto-generated *\/\n!function(d,l){\"use strict\";l.querySelector&&d.addEventListener&&\"undefined\"!=typeof URL&&(d.wp=d.wp||{},d.wp.receiveEmbedMessage||(d.wp.receiveEmbedMessage=function(e){var t=e.data;if((t||t.secret||t.message||t.value)&&!\/[^a-zA-Z0-9]\/.test(t.secret)){for(var s,r,n,a=l.querySelectorAll('iframe[data-secret=\"'+t.secret+'\"]'),o=l.querySelectorAll('blockquote[data-secret=\"'+t.secret+'\"]'),c=new RegExp(\"^https?:$\",\"i\"),i=0;i<o.length;i++)o[i].style.display=\"none\";for(i=0;i<a.length;i++)s=a[i],e.source===s.contentWindow&&(s.removeAttribute(\"style\"),\"height\"===t.message?(1e3<(r=parseInt(t.value,10))?r=1e3:~~r<200&&(r=200),s.height=r):\"link\"===t.message&&(r=new URL(s.getAttribute(\"src\")),n=new URL(t.value),c.test(n.protocol))&&n.host===r.host&&l.activeElement===s&&(d.top.location.href=t.value))}},d.addEventListener(\"message\",d.wp.receiveEmbedMessage,!1),l.addEventListener(\"DOMContentLoaded\",function(){for(var e,t,s=l.querySelectorAll(\"iframe.wp-embedded-content\"),r=0;r<s.length;r++)(t=(e=s[r]).getAttribute(\"data-secret\"))||(t=Math.random().toString(36).substring(2,12),e.src+=\"#?secret=\"+t,e.setAttribute(\"data-secret\",t)),e.contentWindow.postMessage({message:\"ready\",secret:t},\"*\")},!1)))}(window,document);\n\/\/# sourceURL=https:\/\/www.altominho.tv\/site\/wp-includes\/js\/wp-embed.min.js\n<\/script>\n","thumbnail_url":"https:\/\/www.altominho.tv\/site\/wp-content\/uploads\/2020\/12\/Neve-Arcos.png","thumbnail_width":1440,"thumbnail_height":852,"description":"A descida abrupta das temperaturas, nesta sexta-feira, j\u00e1 provocou a queda de neve no concelho de Arcos de Valdevez, nomeadamente, na freguesia da Gavieira. Devido ao nev\u00e3o que se faz sentir nas terras altas, os servi\u00e7os de Prote\u00e7\u00e3o Civil da C\u00e2mara Municipal de Arcos de Valdevez j\u00e1 &#8220;iniciaram os trabalhos de espalhamento de sal nas [&hellip;]"}

A descida abrupta das temperaturas, nesta sexta-feira, já provocou a queda de neve no concelho de Arcos de Valdevez, nomeadamente, na freguesia da Gavieira. Devido ao nevão que se faz sentir nas terras altas, os serviços de Proteção Civil da Câmara Municipal de Arcos de Valdevez já &#8220;iniciaram os trabalhos de espalhamento de sal nas [&hellip;]
