{"version":"1.0","provider_name":"Altominho.tv","provider_url":"https:\/\/www.altominho.tv\/site","author_name":"Rafael Pereira","author_url":"https:\/\/www.altominho.tv\/site\/author\/rafaelpereira\/","title":"Embaixadora da Finl\u00e2ndia visita Caminha\u00a0","type":"rich","width":600,"height":338,"html":"<blockquote class=\"wp-embedded-content\" data-secret=\"eSmaL8Nk1q\"><a href=\"https:\/\/www.altominho.tv\/site\/2019\/02\/07\/embaixadora-da-finlandia-visita-caminha\/\">Embaixadora da Finl\u00e2ndia visita Caminha\u00a0<\/a><\/blockquote><iframe sandbox=\"allow-scripts\" security=\"restricted\" src=\"https:\/\/www.altominho.tv\/site\/2019\/02\/07\/embaixadora-da-finlandia-visita-caminha\/embed\/#?secret=eSmaL8Nk1q\" width=\"600\" height=\"338\" title=\"&#8220;Embaixadora da Finl\u00e2ndia visita Caminha\u00a0&#8221; &#8212; Altominho.tv\" data-secret=\"eSmaL8Nk1q\" frameborder=\"0\" marginwidth=\"0\" marginheight=\"0\" scrolling=\"no\" class=\"wp-embedded-content\"><\/iframe><script type=\"text\/javascript\">\n\/* <![CDATA[ *\/\n\/*! This file is auto-generated *\/\n!function(d,l){\"use strict\";l.querySelector&&d.addEventListener&&\"undefined\"!=typeof URL&&(d.wp=d.wp||{},d.wp.receiveEmbedMessage||(d.wp.receiveEmbedMessage=function(e){var t=e.data;if((t||t.secret||t.message||t.value)&&!\/[^a-zA-Z0-9]\/.test(t.secret)){for(var s,r,n,a=l.querySelectorAll('iframe[data-secret=\"'+t.secret+'\"]'),o=l.querySelectorAll('blockquote[data-secret=\"'+t.secret+'\"]'),c=new RegExp(\"^https?:$\",\"i\"),i=0;i<o.length;i++)o[i].style.display=\"none\";for(i=0;i<a.length;i++)s=a[i],e.source===s.contentWindow&&(s.removeAttribute(\"style\"),\"height\"===t.message?(1e3<(r=parseInt(t.value,10))?r=1e3:~~r<200&&(r=200),s.height=r):\"link\"===t.message&&(r=new URL(s.getAttribute(\"src\")),n=new URL(t.value),c.test(n.protocol))&&n.host===r.host&&l.activeElement===s&&(d.top.location.href=t.value))}},d.addEventListener(\"message\",d.wp.receiveEmbedMessage,!1),l.addEventListener(\"DOMContentLoaded\",function(){for(var e,t,s=l.querySelectorAll(\"iframe.wp-embedded-content\"),r=0;r<s.length;r++)(t=(e=s[r]).getAttribute(\"data-secret\"))||(t=Math.random().toString(36).substring(2,12),e.src+=\"#?secret=\"+t,e.setAttribute(\"data-secret\",t)),e.contentWindow.postMessage({message:\"ready\",secret:t},\"*\")},!1)))}(window,document);\n\/\/# sourceURL=https:\/\/www.altominho.tv\/site\/wp-includes\/js\/wp-embed.min.js\n\/* ]]> *\/\n<\/script>\n","thumbnail_url":"https:\/\/www.altominho.tv\/site\/wp-content\/uploads\/2019\/02\/hqdefault-e1549880824875.jpg","thumbnail_width":478,"thumbnail_height":267,"description":"A Embaixadora da Finl\u00e2ndia est\u00e1 de visita a Caminha para se inteirar do trabalho aqui desenvolvido no \u00e2mbito da preven\u00e7\u00e3o dos inc\u00eandios florestais. Do programa fez parte uma visita \u00e0 freguesia de Argela, uma das freguesias sinalizadas com risco m\u00e1ximo de inc\u00eandio para este ano."}

Embaixadora da Finlândia visita Caminha

<blockquote class="wp-embedded-content" data-secret="eSmaL8Nk1q"><a href="https://www.altominho.tv/site/2019/02/07/embaixadora-da-finlandia-visita-caminha/">Embaixadora da Finlândia visita Caminha </a></blockquote><iframe sandbox="allow-scripts" security="restricted" src="https://www.altominho.tv/site/2019/02/07/embaixadora-da-finlandia-visita-caminha/embed/#?secret=eSmaL8Nk1q" width="600" height="338" title="&#8220;Embaixadora da Finlândia visita Caminha &#8221; &#8212; Altominho.tv" data-secret="eSmaL8Nk1q" frameborder="0" marginwidth="0" marginheight="0" scrolling="no" class="wp-embedded-content"></iframe><script type="text/javascript">
/* <![CDATA[ */
/*! This file is auto-generated */
!function(d,l){"use strict";l.querySelector&&d.addEventListener&&"undefined"!=typeof URL&&(d.wp=d.wp||{},d.wp.receiveEmbedMessage||(d.wp.receiveEmbedMessage=function(e){var t=e.data;if((t||t.secret||t.message||t.value)&&!/[^a-zA-Z0-9]/.test(t.secret)){for(var s,r,n,a=l.querySelectorAll('iframe[data-secret="'+t.secret+'"]'),o=l.querySelectorAll('blockquote[data-secret="'+t.secret+'"]'),c=new RegExp("^https?:$","i"),i=0;i<o.length;i++)o[i].style.display="none";for(i=0;i<a.length;i++)s=a[i],e.source===s.contentWindow&&(s.removeAttribute("style"),"height"===t.message?(1e3<(r=parseInt(t.value,10))?r=1e3:~~r<200&&(r=200),s.height=r):"link"===t.message&&(r=new URL(s.getAttribute("src")),n=new URL(t.value),c.test(n.protocol))&&n.host===r.host&&l.activeElement===s&&(d.top.location.href=t.value))}},d.addEventListener("message",d.wp.receiveEmbedMessage,!1),l.addEventListener("DOMContentLoaded",function(){for(var e,t,s=l.querySelectorAll("iframe.wp-embedded-content"),r=0;r<s.length;r++)(t=(e=s[r]).getAttribute("data-secret"))||(t=Math.random().toString(36).substring(2,12),e.src+="#?secret="+t,e.setAttribute("data-secret",t)),e.contentWindow.postMessage({message:"ready",secret:t},"*")},!1)))}(window,document);
//# sourceURL=https://www.altominho.tv/site/wp-includes/js/wp-embed.min.js
/* ]]> */
</script>

A Embaixadora da Finlândia está de visita a Caminha para se inteirar do trabalho aqui desenvolvido no âmbito da prevenção dos incêndios florestais. Do programa fez parte uma visita à freguesia de Argela, uma das freguesias sinalizadas com risco máximo de incêndio para este ano.
