{"version":"1.0","provider_name":"Altominho.tv","provider_url":"https:\/\/www.altominho.tv\/site","author_name":"Andreia Ferreira","author_url":"https:\/\/www.altominho.tv\/site\/author\/andreiaferreira\/","title":"Cerveira anuncia concertos e atividades para o ver\u00e3o","type":"rich","width":600,"height":338,"html":"<blockquote class=\"wp-embedded-content\" data-secret=\"zCovW1Kzmr\"><a href=\"https:\/\/www.altominho.tv\/site\/2018\/06\/20\/cerveira-anuncia-concertos-e-atividades-para-o-verao\/\">Cerveira anuncia concertos e atividades para o ver\u00e3o<\/a><\/blockquote><iframe sandbox=\"allow-scripts\" security=\"restricted\" src=\"https:\/\/www.altominho.tv\/site\/2018\/06\/20\/cerveira-anuncia-concertos-e-atividades-para-o-verao\/embed\/#?secret=zCovW1Kzmr\" width=\"600\" height=\"338\" title=\"&#8220;Cerveira anuncia concertos e atividades para o ver\u00e3o&#8221; &#8212; Altominho.tv\" data-secret=\"zCovW1Kzmr\" frameborder=\"0\" marginwidth=\"0\" marginheight=\"0\" scrolling=\"no\" class=\"wp-embedded-content\"><\/iframe><script type=\"text\/javascript\">\n\/* <![CDATA[ *\/\n\/*! This file is auto-generated *\/\n!function(d,l){\"use strict\";l.querySelector&&d.addEventListener&&\"undefined\"!=typeof URL&&(d.wp=d.wp||{},d.wp.receiveEmbedMessage||(d.wp.receiveEmbedMessage=function(e){var t=e.data;if((t||t.secret||t.message||t.value)&&!\/[^a-zA-Z0-9]\/.test(t.secret)){for(var s,r,n,a=l.querySelectorAll('iframe[data-secret=\"'+t.secret+'\"]'),o=l.querySelectorAll('blockquote[data-secret=\"'+t.secret+'\"]'),c=new RegExp(\"^https?:$\",\"i\"),i=0;i<o.length;i++)o[i].style.display=\"none\";for(i=0;i<a.length;i++)s=a[i],e.source===s.contentWindow&&(s.removeAttribute(\"style\"),\"height\"===t.message?(1e3<(r=parseInt(t.value,10))?r=1e3:~~r<200&&(r=200),s.height=r):\"link\"===t.message&&(r=new URL(s.getAttribute(\"src\")),n=new URL(t.value),c.test(n.protocol))&&n.host===r.host&&l.activeElement===s&&(d.top.location.href=t.value))}},d.addEventListener(\"message\",d.wp.receiveEmbedMessage,!1),l.addEventListener(\"DOMContentLoaded\",function(){for(var e,t,s=l.querySelectorAll(\"iframe.wp-embedded-content\"),r=0;r<s.length;r++)(t=(e=s[r]).getAttribute(\"data-secret\"))||(t=Math.random().toString(36).substring(2,12),e.src+=\"#?secret=\"+t,e.setAttribute(\"data-secret\",t)),e.contentWindow.postMessage({message:\"ready\",secret:t},\"*\")},!1)))}(window,document);\n\/\/# sourceURL=https:\/\/www.altominho.tv\/site\/wp-includes\/js\/wp-embed.min.js\n\/* ]]> *\/\n<\/script>\n","thumbnail_url":"https:\/\/www.altominho.tv\/site\/wp-content\/uploads\/2018\/06\/5adf1bf73e0c0.jpg","thumbnail_width":830,"thumbnail_height":465,"description":"Concertos, certames art\u00edsticos e tradi\u00e7\u00f5es completam a programa\u00e7\u00e3o cultural, dedicada a todas as idades, que Vila Nova de Cerveira apresenta para este ver\u00e3o. Em julho, os concertos de ver\u00e3o voltam ao Audit\u00f3rio Municipal com as \u2018Noites de Fado\u2019. Maria Em\u00edlia convida Miguel Ramos para o seu espet\u00e1culo a 21 de julho e Ana Moura atua [&hellip;]"}

Cerveira anuncia concertos e atividades para o verão

<blockquote class="wp-embedded-content" data-secret="zCovW1Kzmr"><a href="https://www.altominho.tv/site/2018/06/20/cerveira-anuncia-concertos-e-atividades-para-o-verao/">Cerveira anuncia concertos e atividades para o verão</a></blockquote><iframe sandbox="allow-scripts" security="restricted" src="https://www.altominho.tv/site/2018/06/20/cerveira-anuncia-concertos-e-atividades-para-o-verao/embed/#?secret=zCovW1Kzmr" width="600" height="338" title="&#8220;Cerveira anuncia concertos e atividades para o verão&#8221; &#8212; Altominho.tv" data-secret="zCovW1Kzmr" frameborder="0" marginwidth="0" marginheight="0" scrolling="no" class="wp-embedded-content"></iframe><script type="text/javascript">
/* <![CDATA[ */
/*! This file is auto-generated */
!function(d,l){"use strict";l.querySelector&&d.addEventListener&&"undefined"!=typeof URL&&(d.wp=d.wp||{},d.wp.receiveEmbedMessage||(d.wp.receiveEmbedMessage=function(e){var t=e.data;if((t||t.secret||t.message||t.value)&&!/[^a-zA-Z0-9]/.test(t.secret)){for(var s,r,n,a=l.querySelectorAll('iframe[data-secret="'+t.secret+'"]'),o=l.querySelectorAll('blockquote[data-secret="'+t.secret+'"]'),c=new RegExp("^https?:$","i"),i=0;i<o.length;i++)o[i].style.display="none";for(i=0;i<a.length;i++)s=a[i],e.source===s.contentWindow&&(s.removeAttribute("style"),"height"===t.message?(1e3<(r=parseInt(t.value,10))?r=1e3:~~r<200&&(r=200),s.height=r):"link"===t.message&&(r=new URL(s.getAttribute("src")),n=new URL(t.value),c.test(n.protocol))&&n.host===r.host&&l.activeElement===s&&(d.top.location.href=t.value))}},d.addEventListener("message",d.wp.receiveEmbedMessage,!1),l.addEventListener("DOMContentLoaded",function(){for(var e,t,s=l.querySelectorAll("iframe.wp-embedded-content"),r=0;r<s.length;r++)(t=(e=s[r]).getAttribute("data-secret"))||(t=Math.random().toString(36).substring(2,12),e.src+="#?secret="+t,e.setAttribute("data-secret",t)),e.contentWindow.postMessage({message:"ready",secret:t},"*")},!1)))}(window,document);
//# sourceURL=https://www.altominho.tv/site/wp-includes/js/wp-embed.min.js
/* ]]> */
</script>

Concertos, certames artísticos e tradições completam a programação cultural, dedicada a todas as idades, que Vila Nova de Cerveira apresenta para este verão. Em julho, os concertos de verão voltam ao Auditório Municipal com as ‘Noites de Fado’. Maria Emília convida Miguel Ramos para o seu espetáculo a 21 de julho e Ana Moura atua [&hellip;]
